+ 11 + h = 0. What is the remainder when w is divided by 2?
1
Suppose -d + 3*d + 12 = 0. Let r(b) = b + 7. Suppose 0 = -q + 4*q + 5*p - 1, -5*p - 5 = 0. Calculate the remainder when q is divided by r(d).
0
Suppose 37 = -2*m - 5*v, 2*v = -2*m - v - 27. Calculate the remainder when 6 is divided by 272/72 + m/(-27).
2
What is the remainder when 5/(((-12)/(-3))/116) - -3 is divided by 9?
4
Let t = -42 - -51. Suppose -t*v + 56 = -v. Calculate the remainder when 7 is divided by v.
0
Let n be 14/77 + (-40)/(-22). Suppose -6*t + 18 = n*d - 2*t, d - 24 = -5*t. Let l = 4 - d. Calculate the remainder when 7 is divided by l.
2
Suppose 7*n + 10 = 12*n. Suppose -3*d + 2*p + 158 = 0, d - 164 = -n*d - p. What is the remainder when d is divided by 14?
12
Let u(p) = 9*p**3 + p + 2. Let s be u(-1). Let l be s/12 - 19/3. What is the remainder when 40 is divided by (-2)/(-7) + (-96)/l?
12
Let t(p) = 2*p**2 - 6*p + 2. Let r be t(3). Suppose -3*u + r*u = -31. What is the remainder when u is divided by 9?
4
Let t(r) = 8*r + 5. Let c be t(-10). Let p = 162 + c. What is the remainder when p is divided by 15?
12
What is the remainder when 56 is divided by 16/(-3 - -7) - 34/(-2)?
14
Let b(v) = v**2 + 8*v + 8. Let x(r) = r**3 - 7*r**2 + 5*r - 2. Suppose 37 = 5*l + 7. Let d be x(l). What is the remainder when 23 is divided by b(d)?
7
Let r(s) = s**2 - 31*s - 8. What is the remainder when 279 is divided by r(34)?
91
Let m(r) = r**2 - 3*r - 1. Let f be m(5). Suppose -4*k = 35 + 57. Let s = f - k. What is the remainder when s is divided by 9?
5
Suppose -y + 51 = 12. Suppose 0 = -5*h - y + 149. Let j = 185 + -179. What is the remainder when h is divided by j?
4
Suppose 49*q - 1084 + 6 = 0. Calculate the remainder when 131 is divided by q.
21
Suppose 0 = 3*y + 9 - 18. What is the remainder when (-256)/36*-3 - (-4)/6 is divided by y?
1
Let g(f) = -f**2 + 5*f - 1. Suppose 0*r = r. Suppose -k + 4*c = r, 5*c - 3*c = -k + 6. Calculate the remainder when 9 is divided by g(k).
0
Let l(o) = 3*o**2 + 8*o + 9. Let s be l(-5). What is the remainder when 15/9*(s - (-2)/2) is divided by 20?
15
Let v(y) = y**2 - 8*y + 25. What is the remainder when v(-6) is divided by 14?
11
Suppose 56*l = -38*l + 6768. Calculate the remainder when l is divided by 33.
6
Let p = -97 + 153. Suppose -2*z + 2*l - p = -5*z, -3*z + 52 = 4*l. What is the remainder when 37 is divided by z?
17
What is the remainder when 12/6 + (136 - (-5 - -2)) is divided by 21?
15
What is the remainder when -6*(518/(-156) + 2/13) is divided by 10?
9
Let x(y) = -y**3 - 10*y**2 + 2*y - 7. Let u be 80/(-7) + (-30)/(-70). Let j be x(u). Let m = 156 - j. What is the remainder when m is divided by 22?
20
Let p(w) = -7*w - 79. What is the remainder when p(-18) is divided by 8?
7
Let g = -84 - -87. What is the remainder when 12 is divided by g?
0
Let u(d) = -d**3 - 4*d**2 + 5*d - 4. Let f be u(-5). Let p = -1 - f. What is the remainder when p is divided by 14/8 - (-23)/92?
1
Let c(z) = z**3 - 21*z**2 - z + 46. Let f = -29 - -50. Calculate the remainder when c(f) is divided by 15.
10
Let y(u) = -2*u - 8. Let a be y(-4). Suppose a = -11*m + 4*m + 112. What is the remainder when 59 is divided by m?
11
Suppose 39*a + 2880 = 119*a. What is the remainder when 358 is divided by a?
34
Suppose 15 = 14*k - 69. Calculate the remainder when 88 is divided by k.
4
Suppose -3*h - y = -h + 713, 5*y + 25 = 0. Let v = -252 - h. Calculate the remainder when v is divided by 15.
12
Let z be (-39)/(-21) - (-3)/21. Suppose -z*r + 25 = 3. Suppose 0 = -3*f - v + 4 + 5, 5 = 5*f + 5*v. Calculate the remainder when r is divided by f.
3
Suppose -i - 77 = -4*v + 34, 0 = 5*i - 25. What is the remainder when 434 is divided by v?
28
Let i = 11 + -13. Let w be i/3 + 32/12. What is the remainder when 30 is divided by (26 - w)*4/6?
14
Let q = -114 + 178. Let u(w) = 6*w - 19. What is the remainder when q is divided by u(9)?
29
Suppose 0 = -13*n + 164 + 31. What is the remainder when 40 is divided by n?
10
Suppose -20*j = -11*j - 576. What is the remainder when j is divided by 22?
20
Suppose -59*d + 70*d = 704. Calculate the remainder when d is divided by 23.
18
Suppose 2*g - 5*g = -6. Let i be (-1 + 0)*(g + -1). Calculate the remainder when 350/7 - (-3 + i) is divided by 19.
16
Suppose 122*m - 120*m - 498 = 0. Calculate the remainder when m is divided by 64.
57
Calculate the remainder when 88 is divided by (-864)/(-66) + (-2)/22.
10
Calculate the remainder when -3 + (6 - (-327)/3) is divided by 19.
17
Let b(w) = w**3 + 5*w**2 + w + 11. Calculate the remainder when 12 is divided by b(-5).
0
Calculate the remainder when 26 is divided by 6/27*3*168/14.
2
What is the remainder when -6 + 1 - (-307 - (-8 + 4)) is divided by 13?
12
Suppose -5*z = 309 - 84. Let s be (-6)/z - (-28)/15. Suppose 2*l - 90 = -3*u + 4*l, -30 = -u + s*l. Calculate the remainder when u is divided by 8.
6
Suppose 5*q = -3*r + 241, -5*q - 8*r = -3*r - 235. Calculate the remainder when q is divided by 13.
11
Suppose 50*u = 46*u - 40. Let b(r) = -r**3 - 9*r**2 + 7*r - 24. Calculate the remainder when 8 is divided by b(u).
2
Let s(t) = 6*t**3 - 6*t**2 + 11*t - 1. Calculate the remainder when 130 is divided by s(2).
40
Suppose -4*g = i - 161 - 3, 0 = 2*i + 3*g - 313. What is the remainder when 281 is divided by i?
129
Let l(n) = n**2 - 33*n + 121. Calculate the remainder when 53 is divided by l(30).
22
Suppose -2*s + 105 = -5*z, -4*s + 5*z - 4*z = -165. Let x = 48 + -24. Suppose -23*p = -x*p + 14. Calculate the remainder when s is divided by p.
12
Let a = -128 + 53. Let w be (2/5)/((-5)/a). Let u = 9 + w. Calculate the remainder when 73 is divided by u.
13
Suppose 2*u = 5*g - 5, 2*g - 50 = 6*u - 10*u. Suppose 4*s - 3*s - 28 = 0. Calculate the remainder when s is divided by u.
8
Let f(d) = 8*d**2 - 2. Suppose 3*h + 672 = 5*l - 61, -2*l + 294 = -h. What is the remainder when l is divided by f(-2)?
29
Let p = 44 + 10. Calculate the remainder when p is divided by 14.
12
Suppose 0 = -4*q - 2122 + 2158. Calculate the remainder when 96 is divided by q.
6
Let a = -30 - 323. Let k = 15363 - 15333. What is the remainder when a/(-3) + (-2)/3 is divided by k?
27
Let m be (1/(-1))/(1/(-11)). Suppose m + 5 = 2*z. Let o = 655 + -641. What is the remainder when o is divided by z?
6
Let j = -1009 + 1030. What is the remainder when 291 is divided by j?
18
Suppose 5*l + 79 = 3*p, 4*l + 26 = p - 12. Let h be 22/10 + 2/(-10). Suppose -2*n + 280 = h*n. Calculate the remainder when n is divided by p.
16
Let s(v) = -2*v**3 - 28*v**2 + 3*v + 50. Calculate the remainder when 244 is divided by s(-14).
4
Let j be 14*(20/8)/5. Suppose 2*c + 35 = j*c. What is the remainder when 19 is divided by c?
5
Let z(h) = -7*h - 24. Let r(b) = -b - 1. Let l(a) = 4*r(a) - z(a). What is the remainder when l(11) is divided by 9?
8
Let u(r) = -r**3 - 8*r**2 - 8*r - 5. Let o be 80/(-12) - (-2)/(-6). Let p be u(o). Suppose 126 = p*g + g. What is the remainder when g is divided by 15?
12
Let o(w) = -3*w - 6. Let h be o(3). Let a(f) = -6*f + 6. Let g be a(-5). Let j = h + g. What is the remainder when j is divided by 12?
9
What is the remainder when 15 is divided by ((-3)/9)/((-17)/663)?
2
Suppose -4*q = -y + 16, -2 = -q - 5. Suppose -i - 4*c + 11 = 0, -2*i + 4*i = -y*c + 2. Let u(v) = -v - 7. Calculate the remainder when 6 is divided by u(i).
0
Suppose 0 = 21*g - 24*g + 6. Calculate the remainder when 92 is divided by 2/g*4 + (16 - 1).
16
Let n(r) = -2*r**3 + 5*r**2 - r + 1. Let m be n(2). Let w = 51 - m. Calculate the remainder when w is divided by 26.
22
Let a be -2 - 1*(-3 - 1). Let p be (364/(-39))/(a/(-198)). Calculate the remainder when 99 is divided by (-10)/45 + p/27.
31
Suppose 5*b - 268 = -53. What is the remainder when 80 is divided by b?
37
Let v(r) = 0 + 1 + 2 + r - 8. Let n be v(9). Suppose 5*a - a = n*l, 6 = 2*a. What is the remainder when 16 is divided by l?
1
Let u be -40*(1 - (-12)/(-8)). Suppose 0 = v + 2, 2*s + s - u = -2*v. What is the remainder when 0 - -22*(2 - 1) is divided by s?
6
Suppose -10*a + 22 = -9*a. Suppose -b + 24 = 5*o, 2*o + 4*b = -b + 5. What is the remainder when a is divided by o?
2
Let z = -5 + 10. Let o = -5 + 4. What is the remainder when (-12)/(-4) - (o - 10) is divided by z?
4
Let w = -3 + 19. Let j = -18 - -18. Le